{"id":275,"date":"2019-03-20T00:41:01","date_gmt":"2019-03-19T21:41:01","guid":{"rendered":"http:\/\/www.estetikden.com\/?page_id=275"},"modified":"2020-01-01T17:28:13","modified_gmt":"2020-01-01T14:28:13","slug":"offres-speciales-pour-vous","status":"publish","type":"page","link":"https:\/\/www.estetikden.com\/span\/offres-speciales-pour-vous\/","title":{"rendered":"OFFRES SPECIALES POUR VOUS"},"content":{"rendered":"<p>N\u2019h\u00e9sitez pas \u00e0 nous joindre pour des m\u00e9dicaments souhait\u00e9s et demandez de<br \/>\npr\u00e9cision<\/p>\n","protected":false},"excerpt":{"rendered":"<p>N\u2019h\u00e9sitez pas \u00e0 nous joindre pour des m\u00e9dicaments souhait\u00e9s et demandez de pr\u00e9cision<\/p>\n","protected":false},"author":2,"featured_media":276,"parent":0,"menu_order":0,"comment_status":"closed","ping_status":"closed","template":"","meta":{"_acf_changed":false,"footnotes":""},"wppr_data":{"cwp_meta_box_check":"No"},"acf":[],"yoast_head":"<!-- This site is optimized with the Yoast SEO plugin v22.2 - https:\/\/yoast.com\/wordpress\/plugins\/seo\/ -->\n<title>OFFRES SPECIALES POUR VOUS - Estetikden - Health Tourism - Health Tourism -Plastik Surgery<\/title>\n<meta name=\"robots\" content=\"index, follow, max-snippet:-1, max-image-preview:large, max-video-preview:-1\" \/>\n<link rel=\"canonical\" href=\"https:\/\/www.estetikden.com\/span\/offres-speciales-pour-vous\/\" \/>\n<meta property=\"og:locale\" content=\"tr_TR\" \/>\n<meta property=\"og:type\" content=\"article\" \/>\n<meta property=\"og:title\" content=\"OFFRES SPECIALES POUR VOUS - Estetikden - Health Tourism - Health Tourism -Plastik Surgery\" \/>\n<meta property=\"og:description\" content=\"N\u2019h\u00e9sitez pas \u00e0 nous joindre pour des m\u00e9dicaments souhait\u00e9s et demandez de pr\u00e9cision\" \/>\n<meta property=\"og:url\" content=\"https:\/\/www.estetikden.com\/span\/offres-speciales-pour-vous\/\" \/>\n<meta property=\"og:site_name\" content=\"Estetikden - Health Tourism - Health Tourism -Plastik Surgery\" \/>\n<meta property=\"article:publisher\" content=\"https:\/\/www.facebook.com\/estetikdenizi\" \/>\n<meta property=\"article:modified_time\" content=\"2020-01-01T14:28:13+00:00\" \/>\n<meta property=\"og:image\" content=\"https:\/\/www.estetikden.com\/span\/wp-content\/uploads\/2019\/03\/sizeozel.jpg\" \/>\n\t<meta property=\"og:image:width\" content=\"352\" \/>\n\t<meta property=\"og:image:height\" content=\"198\" \/>\n\t<meta property=\"og:image:type\" content=\"image\/jpeg\" \/>\n<meta name=\"twitter:card\" content=\"summary_large_image\" \/>\n<script type=\"application\/ld+json\" class=\"yoast-schema-graph\">{\"@context\":\"https:\/\/schema.org\",\"@graph\":[{\"@type\":\"WebPage\",\"@id\":\"https:\/\/www.estetikden.com\/span\/offres-speciales-pour-vous\/\",\"url\":\"https:\/\/www.estetikden.com\/span\/offres-speciales-pour-vous\/\",\"name\":\"OFFRES SPECIALES POUR VOUS - Estetikden - Health Tourism - Health Tourism -Plastik Surgery\",\"isPartOf\":{\"@id\":\"https:\/\/www.estetikden.com\/span\/#website\"},\"primaryImageOfPage\":{\"@id\":\"https:\/\/www.estetikden.com\/span\/offres-speciales-pour-vous\/#primaryimage\"},\"image\":{\"@id\":\"https:\/\/www.estetikden.com\/span\/offres-speciales-pour-vous\/#primaryimage\"},\"thumbnailUrl\":\"https:\/\/www.estetikden.com\/span\/wp-content\/uploads\/2019\/03\/sizeozel.jpg\",\"datePublished\":\"2019-03-19T21:41:01+00:00\",\"dateModified\":\"2020-01-01T14:28:13+00:00\",\"breadcrumb\":{\"@id\":\"https:\/\/www.estetikden.com\/span\/offres-speciales-pour-vous\/#breadcrumb\"},\"inLanguage\":\"tr\",\"potentialAction\":[{\"@type\":\"ReadAction\",\"target\":[\"https:\/\/www.estetikden.com\/span\/offres-speciales-pour-vous\/\"]}]},{\"@type\":\"ImageObject\",\"inLanguage\":\"tr\",\"@id\":\"https:\/\/www.estetikden.com\/span\/offres-speciales-pour-vous\/#primaryimage\",\"url\":\"https:\/\/www.estetikden.com\/span\/wp-content\/uploads\/2019\/03\/sizeozel.jpg\",\"contentUrl\":\"https:\/\/www.estetikden.com\/span\/wp-content\/uploads\/2019\/03\/sizeozel.jpg\",\"width\":352,\"height\":198},{\"@type\":\"BreadcrumbList\",\"@id\":\"https:\/\/www.estetikden.com\/span\/offres-speciales-pour-vous\/#breadcrumb\",\"itemListElement\":[{\"@type\":\"ListItem\",\"position\":1,\"name\":\"Ana sayfa\",\"item\":\"https:\/\/www.estetikden.com\/span\/\"},{\"@type\":\"ListItem\",\"position\":2,\"name\":\"OFFRES SPECIALES POUR VOUS\"}]},{\"@type\":\"WebSite\",\"@id\":\"https:\/\/www.estetikden.com\/span\/#website\",\"url\":\"https:\/\/www.estetikden.com\/span\/\",\"name\":\"Estetikden - Health Tourism - Health Tourism -Plastik Surgery\",\"description\":\"\u201d TO MAKE YOU HEALTHY AND HAPPY \u201d WE ARE ALL OVER THE WORLD.\",\"potentialAction\":[{\"@type\":\"SearchAction\",\"target\":{\"@type\":\"EntryPoint\",\"urlTemplate\":\"https:\/\/www.estetikden.com\/span\/?s={search_term_string}\"},\"query-input\":\"required name=search_term_string\"}],\"inLanguage\":\"tr\"}]}<\/script>\n<!-- \/ Yoast SEO plugin. -->","yoast_head_json":{"title":"OFFRES SPECIALES POUR VOUS - Estetikden - Health Tourism - Health Tourism -Plastik Surgery","robots":{"index":"index","follow":"follow","max-snippet":"max-snippet:-1","max-image-preview":"max-image-preview:large","max-video-preview":"max-video-preview:-1"},"canonical":"https:\/\/www.estetikden.com\/span\/offres-speciales-pour-vous\/","og_locale":"tr_TR","og_type":"article","og_title":"OFFRES SPECIALES POUR VOUS - Estetikden - Health Tourism - Health Tourism -Plastik Surgery","og_description":"N\u2019h\u00e9sitez pas \u00e0 nous joindre pour des m\u00e9dicaments souhait\u00e9s et demandez de pr\u00e9cision","og_url":"https:\/\/www.estetikden.com\/span\/offres-speciales-pour-vous\/","og_site_name":"Estetikden - Health Tourism - Health Tourism -Plastik Surgery","article_publisher":"https:\/\/www.facebook.com\/estetikdenizi","article_modified_time":"2020-01-01T14:28:13+00:00","og_image":[{"width":352,"height":198,"url":"https:\/\/www.estetikden.com\/span\/wp-content\/uploads\/2019\/03\/sizeozel.jpg","type":"image\/jpeg"}],"twitter_card":"summary_large_image","schema":{"@context":"https:\/\/schema.org","@graph":[{"@type":"WebPage","@id":"https:\/\/www.estetikden.com\/span\/offres-speciales-pour-vous\/","url":"https:\/\/www.estetikden.com\/span\/offres-speciales-pour-vous\/","name":"OFFRES SPECIALES POUR VOUS - Estetikden - Health Tourism - Health Tourism -Plastik Surgery","isPartOf":{"@id":"https:\/\/www.estetikden.com\/span\/#website"},"primaryImageOfPage":{"@id":"https:\/\/www.estetikden.com\/span\/offres-speciales-pour-vous\/#primaryimage"},"image":{"@id":"https:\/\/www.estetikden.com\/span\/offres-speciales-pour-vous\/#primaryimage"},"thumbnailUrl":"https:\/\/www.estetikden.com\/span\/wp-content\/uploads\/2019\/03\/sizeozel.jpg","datePublished":"2019-03-19T21:41:01+00:00","dateModified":"2020-01-01T14:28:13+00:00","breadcrumb":{"@id":"https:\/\/www.estetikden.com\/span\/offres-speciales-pour-vous\/#breadcrumb"},"inLanguage":"tr","potentialAction":[{"@type":"ReadAction","target":["https:\/\/www.estetikden.com\/span\/offres-speciales-pour-vous\/"]}]},{"@type":"ImageObject","inLanguage":"tr","@id":"https:\/\/www.estetikden.com\/span\/offres-speciales-pour-vous\/#primaryimage","url":"https:\/\/www.estetikden.com\/span\/wp-content\/uploads\/2019\/03\/sizeozel.jpg","contentUrl":"https:\/\/www.estetikden.com\/span\/wp-content\/uploads\/2019\/03\/sizeozel.jpg","width":352,"height":198},{"@type":"BreadcrumbList","@id":"https:\/\/www.estetikden.com\/span\/offres-speciales-pour-vous\/#breadcrumb","itemListElement":[{"@type":"ListItem","position":1,"name":"Ana sayfa","item":"https:\/\/www.estetikden.com\/span\/"},{"@type":"ListItem","position":2,"name":"OFFRES SPECIALES POUR VOUS"}]},{"@type":"WebSite","@id":"https:\/\/www.estetikden.com\/span\/#website","url":"https:\/\/www.estetikden.com\/span\/","name":"Estetikden - Health Tourism - Health Tourism -Plastik Surgery","description":"\u201d TO MAKE YOU HEALTHY AND HAPPY \u201d WE ARE ALL OVER THE WORLD.","potentialAction":[{"@type":"SearchAction","target":{"@type":"EntryPoint","urlTemplate":"https:\/\/www.estetikden.com\/span\/?s={search_term_string}"},"query-input":"required name=search_term_string"}],"inLanguage":"tr"}]}},"_links":{"self":[{"href":"https:\/\/www.estetikden.com\/span\/wp-json\/wp\/v2\/pages\/275"}],"collection":[{"href":"https:\/\/www.estetikden.com\/span\/wp-json\/wp\/v2\/pages"}],"about":[{"href":"https:\/\/www.estetikden.com\/span\/wp-json\/wp\/v2\/types\/page"}],"author":[{"embeddable":true,"href":"https:\/\/www.estetikden.com\/span\/wp-json\/wp\/v2\/users\/2"}],"replies":[{"embeddable":true,"href":"https:\/\/www.estetikden.com\/span\/wp-json\/wp\/v2\/comments?post=275"}],"version-history":[{"count":4,"href":"https:\/\/www.estetikden.com\/span\/wp-json\/wp\/v2\/pages\/275\/revisions"}],"predecessor-version":[{"id":766,"href":"https:\/\/www.estetikden.com\/span\/wp-json\/wp\/v2\/pages\/275\/revisions\/766"}],"wp:featuredmedia":[{"embeddable":true,"href":"https:\/\/www.estetikden.com\/span\/wp-json\/wp\/v2\/media\/276"}],"wp:attachment":[{"href":"https:\/\/www.estetikden.com\/span\/wp-json\/wp\/v2\/media?parent=275"}],"curies":[{"name":"wp","href":"https:\/\/api.w.org\/{rel}","templated":true}]}}