{"id":256,"date":"2019-03-20T00:27:29","date_gmt":"2019-03-19T21:27:29","guid":{"rendered":"http:\/\/www.estetikden.com\/?page_id=256"},"modified":"2019-09-03T01:21:12","modified_gmt":"2019-09-02T22:21:12","slug":"free-examination","status":"publish","type":"page","link":"https:\/\/www.estetikden.com\/eng\/free-examination\/","title":{"rendered":"Free Examination"},"content":{"rendered":"<p>You need plastic surgery? Let us help you! <!--more--> <strong>\u00dccretsiz Muayene Randevusu almak i\u00e7in bize telefonu numaran\u0131z\u0131 b\u0131rak\u0131n.<br \/>\nRandevu tarih ve saatini netle\u015ftirmek \u00fczere sizi aras\u0131nlar.<\/strong><\/p>\n<p><a class=\"btn btn-primary\" href=\"tel:+905319029519\" target=\"_self\" rel=\"noopener noreferrer\"><i class=\"fa fa-whatsapp\"><\/i> +90 531 902 95 19<\/a><br \/>\n<a class=\"btn btn-primary\" href=\"mailto:info@estetikden.com\" target=\"_self\" rel=\"noopener noreferrer\"><i class=\"fa fa-whatsapp\"><\/i> info@estetikden.com<\/a><\/p>\n","protected":false},"excerpt":{"rendered":"<p>Do you need plastic surgery? Let&#8217;s consider it together in our clinic.<\/p>\n","protected":false},"author":2,"featured_media":258,"parent":0,"menu_order":0,"comment_status":"closed","ping_status":"closed","template":"","meta":{"_acf_changed":false,"footnotes":""},"wppr_data":{"cwp_meta_box_check":"No"},"acf":[],"_links":{"self":[{"href":"https:\/\/www.estetikden.com\/eng\/wp-json\/wp\/v2\/pages\/256"}],"collection":[{"href":"https:\/\/www.estetikden.com\/eng\/wp-json\/wp\/v2\/pages"}],"about":[{"href":"https:\/\/www.estetikden.com\/eng\/wp-json\/wp\/v2\/types\/page"}],"author":[{"embeddable":true,"href":"https:\/\/www.estetikden.com\/eng\/wp-json\/wp\/v2\/users\/2"}],"replies":[{"embeddable":true,"href":"https:\/\/www.estetikden.com\/eng\/wp-json\/wp\/v2\/comments?post=256"}],"version-history":[{"count":8,"href":"https:\/\/www.estetikden.com\/eng\/wp-json\/wp\/v2\/pages\/256\/revisions"}],"predecessor-version":[{"id":683,"href":"https:\/\/www.estetikden.com\/eng\/wp-json\/wp\/v2\/pages\/256\/revisions\/683"}],"wp:featuredmedia":[{"embeddable":true,"href":"https:\/\/www.estetikden.com\/eng\/wp-json\/wp\/v2\/media\/258"}],"wp:attachment":[{"href":"https:\/\/www.estetikden.com\/eng\/wp-json\/wp\/v2\/media?parent=256"}],"curies":[{"name":"wp","href":"https:\/\/api.w.org\/{rel}","templated":true}]}}